4). Let m be (-4 - -13)/(-2 + 3). What is the greatest common divisor of m and a?
3
Suppose 1107 = 3*j - 15. Suppose 2*r - 5*d = -r - 232, -2*d = -5*r - j. Let x = r + 104. What is the highest common factor of 3 and x?
3
Let p(v) = -8*v - 16. Let s be p(-13). What is the greatest common divisor of 11 and s?
11
Suppose 3*p = y - 443, 0 = -5*y - 2*p + 1548 + 633. What is the highest common divisor of 19 and y?
19
Let q be (0/3)/(-4)*1. Suppose l + q*l = 36. What is the greatest common factor of l and 12?
12
Let j be (12 + -13)/(1/4). Let l be (154 - (-1 - 3)) + j. Suppose y - 28 = -y. What is the highest common factor of l and y?
14
Let a be (-1*2 - -4) + (-32 - -31). Let s = -44 + 25. Let k = s - -27. What is the highest common factor of a and k?
1
Suppose -5*d = -4*r - 81, 0*d + 3*d + 5*r = 19. Let l = -10 + d. Let k be 1/l - 3460/(-15). Calculate the highest common divisor of 33 and k.
33
Let z(h) be the third derivative of h**6/120 - h**5/30 + h**4/24 - 2*h**2. Let p be z(1). Let q = 63 + p. Calculate the highest common factor of 9 and q.
9
Suppose 0 = d + 4*f - 24, 5*f - 18 - 7 = 0. Let a be d - (-1 + 1 + 2) - -6. Calculate the highest common divisor of a and 56.
8
Let r(a) = a - 4. Let t be r(7). Let p(n) = -4*n + 5*n + 7*n**2 - 3*n + 3 + n**t + 3*n. Let w be p(-6). Calculate the highest common divisor of w and 22.
11
Suppose 2*q = 2*m + 386, -4*q + 2*m - 3*m + 752 = 0. What is the highest common divisor of 1071 and q?
63
Let p = 5 + -112. Let t = -37 - p. What is the greatest common factor of t and 10?
10
Suppose 19 = -2*k - 13. Suppose 10*p - 7*p + 24 = 0. Let b = p - k. What is the highest common factor of 32 and b?
8
Let z = -871 - -885. Let h(t) = 38*t - 2. Let g be h(3). Calculate the greatest common divisor of z and g.
14
Suppose 0 = 4*n + 3 + 177. Let g = -37 - n. What is the greatest common divisor of 8 and g?
8
Suppose 101*z - 25047 = 8889. What is the greatest common factor of 560 and z?
112
Let v = -132 - -148. What is the greatest common factor of v and 88?
8
Suppose 1 = 6*d - 5*d. Let u(c) = 43*c**2 - c. Let a be u(d). Calculate the greatest common divisor of 21 and a.
21
Let j = 6 - -13. Let i = -4 + -107. Let l = 98 - i. What is the greatest common divisor of l and j?
19
Suppose p = 5*a - 119, 3*p + a - 10 + 383 = 0. Let x = -112 - p. What is the greatest common factor of x and 60?
12
Let t be -1*(30/(-8) - 3/12). Let w be t/20*-2 + 644/10. What is the highest common divisor of 16 and w?
16
Let w be 156/(-8)*-7*2/3. What is the greatest common divisor of w and 1001?
91
Let a be (-52)/(-65) + (-552)/(-10). Let o be -2 + 142 + (-4 - -4). Calculate the highest common divisor of a and o.
28
Suppose 5*n - 5*a = 15, 5*n + 0*a = -5*a - 25. Let w be (n + 0)*(-88 - 5). Calculate the highest common factor of 62 and w.
31
Let m = -23 - -47. Let d be 244/(-10) + 2/5. Let t = d + 40. What is the greatest common divisor of t and m?
8
Suppose -9*x + 214 = -7*x + 4*f, -312 = -3*x + 3*f. What is the greatest common factor of x and 14?
7
Suppose 2*b = -4 + 14. Let y be 125/b - 1/(-1). Let s = 830 - 544. What is the greatest common divisor of y and s?
26
Suppose 100 + 24 = 4*u. Suppose 3*k - 5*k = 12. Let t be -6 - 32/k - (-374)/3. Calculate the highest common divisor of u and t.
31
Suppose 3*t - 5*v = 132, 5*t - 3*t - 110 = -4*v. What is the greatest common factor of t and 28?
7
Let f(r) = -344*r - 816. Let a be f(-4). Calculate the greatest common factor of a and 128.
16
Let n(b) = 0*b - 26*b + 0 - 2. Let y be n(-2). Suppose -17 - 3 = -2*m. Calculate the greatest common factor of m and y.
10
Let l(o) = 104*o - 48. Let s be l(2). Calculate the greatest common divisor of s and 280.
40
Let x be 1/(-1) - 2/(6/(-21)). Suppose -k + 60 = 4*k. What is the highest common factor of x and k?
6
Let r be (1 + 2)*124/(-12). Let f = r + 33. What is the highest common factor of 22 and f?
2
Let z(h) = -2*h - 3. Let w be z(4). Let m = w - -18. What is the highest common factor of 14 and m?
7
Suppose 85 = 2*w - 77. Let i(l) = 2*l + 12. Let j be i(6). Let f be -3*((-88)/j - 4/(-6)). Calculate the highest common divisor of w and f.
9
Let l be (-2)/(-1) + (1*-6 - -2). Let c(q) = -6*q**3 + q**2 + 2*q. Let b be c(l). Calculate the greatest common factor of 12 and b.
12
Suppose -5*b + 2*n - 3*n = -296, n + 124 = 2*b. Let j = -1 + b. Calculate the greatest common factor of 413 and j.
59
Let b = -4 - -13. Suppose 10*o = b*o + 7. Let y(u) = 19*u - 3. Let f be y(2). Calculate the highest common divisor of f and o.
7
Suppose -g = -m - 0*g + 17, -2*g = -5*m + 76. Let h = -6436 + 10978. Let n be (-4)/24 - h/(-36). Calculate the highest common factor of n and m.
14
Let j(b) = -b**3 + 11*b**2 + 5*b + 795. Let o be j(0). What is the highest common divisor of o and 15?
15
Let j be -7 + (28 - 10) + 914. Calculate the highest common factor of j and 75.
25
Suppose 11*s = 18*s - 336. What is the greatest common divisor of s and 60?
12
Suppose -13*s = -12*s - 20. Let b(l) = l**3 - 19*l**2 - 15*l + 30. Let t be b(s). Calculate the highest common divisor of 52 and t.
26
Let n = 73 - -13. Let j = -32 + n. Suppose -3*t = 15 - 69. What is the highest common factor of t and j?
18
Suppose 151 = 4*i + 5*f, 10*i - 196 = 5*i + f. Let z = 7 + -7. Suppose v = -3*h + 36, -h + v + 3*v + 25 = z. What is the highest common divisor of h and i?
13
Let b(p) = p**3 + 20*p**2 - 19*p + 59. Let k be b(-21). Calculate the highest common factor of 85 and k.
17
Let c = -56 + 59. Calculate the greatest common divisor of c and 4.
1
Suppose 0 = 7*q - 8*q + 89. Suppose -3*p = c - 35, -4*p + q = 5*c - 42. What is the greatest common divisor of 46 and c?
23
Let n(w) = w**2 - 7*w + 8. Let r = 46 + -38. Let s be n(r). Let m = -162 + 338. Calculate the greatest common factor of m and s.
16
Let v(d) = 43*d**2 + 7*d - 8. Let o be v(1). Calculate the highest common divisor of 189 and o.
21
Let l be 6 + (34 + 2)*261/27. What is the highest common factor of 12 and l?
6
Suppose 74 = 5*b - 2*y + 10, -4*y = 8. Let x be 2/(4/(-2)) + 3. Suppose -x*w + 3*w - 71 = -4*s, -s - 4*w = -14. Calculate the highest common divisor of s and b.
6
Let c(p) = 27*p**2 - 1. Let i be c(-3). Let b be 3/(5/(-110)*-3). Calculate the highest common divisor of b and i.
22
Let y(j) = -2*j**3 + 30*j - 50*j + 21*j. Let o = -3 - -1. Let k be y(o). What is the highest common factor of k and 56?
14
Suppose -21*l - y + 210 = -16*l, l + 3*y - 42 = 0. Calculate the highest common divisor of 154 and l.
14
Let p = -3231 - -3240. Suppose -396 = -7*b + 3*b. What is the greatest common factor of b and p?
9
Let s(q) = q**3 + 10*q**2 - 17*q - 16. Let f be s(-11). Suppose 0 = -12*o + 7*o + f. Calculate the highest common factor of 30 and o.
10
Let g be (104/(-156))/((-1)/45). What is the greatest common divisor of 435 and g?
15
Suppose 0 = -17*l + 12*l. Suppose -2*w - 2*w - 4*q + 56 = 0, -3*w - 2*q + 42 = l. Calculate the greatest common factor of w and 14.
14
Suppose -2*j = 4*o - 33 - 437, 581 = 5*o - 4*j. Suppose -2*l + 23 = -3. What is the greatest common factor of o and l?
13
Let w = 2 + -1. Suppose 5*d + w = 6. Let q be (1 - -8) + (-3)/d. Calculate the highest common divisor of q and 30.
6
Let l = -479 + 840. Calculate the greatest common divisor of l and 76.
19
Suppose 4*w + 268 = 5*l, 11 = l + w - 48. What is the greatest common factor of 16 and l?
8
Let u(p) = p**2 + 6*p + 3. Let v be u(-11). Suppose v = 5*h - 82. Calculate the greatest common factor of 28 and h.
28
Let q(h) = -h**3 + 16*h**2 - 50*h + 54. Let m be q(12). What is the highest common factor of 282 and m?
6
Suppose 0 = 120*t - 112*t - 48. Suppose 20 = 5*z - 5. Suppose -4*a + t = -z*b, -b = 3*b - 3*a + 4. Calculate the greatest common divisor of 8 and b.
2
Let s be (-3)/2*(1 - -5). Let l be (-1)/(((-3)/(-1))/s). Suppose 1 = -4*n - 11, 3*n - 12 = -l*x. Calculate the highest common divisor of 28 and x.
7
Suppose y + 4*u + 11 = 31, -88 = -3*y + 2*u. Let g(d) = 19*d + 59. Let s be g(-2). What is the highest common divisor of y and s?
7
Let i be 4025/23*16/5. Calculate the greatest common factor of i and 35.
35
Suppose -2*l = 10, 2*p = -0*p + 3*l + 87. Suppose -r - 2 + 3 = 2*j, 4*j - 14 = 2*r. Suppose -j*b - 4*b = -p. Calculate the greatest common factor of b and 6.
6
Let h(g) = -82*g**3 - 2*g*